{"id":737,"date":"2025-07-17T15:13:07","date_gmt":"2025-07-17T15:13:07","guid":{"rendered":"https:\/\/batuskaartdecor.hu\/?post_type=product&#038;p=737"},"modified":"2025-07-17T15:13:38","modified_gmt":"2025-07-17T15:13:38","slug":"737","status":"publish","type":"product","link":"https:\/\/batuskaartdecor.hu\/?product=737","title":{"rendered":"B\u00e9k\u00e1s csend\u00e9let"},"content":{"rendered":"<p>Anyag: ker\u00e1mia kasp\u00f3 \u00e9s b\u00e9ka figura, habszivacs gumi gomba, sz\u00e1r\u00edtott \u00e9s m\u0171n\u00f6v\u00e9nyek<\/p>\n<p>M\u00e9ret: Kb. 9-10 cm \u00e1tm\u00e9r\u0151, 16 cm magas<\/p>\n","protected":false},"excerpt":{"rendered":"<p>A vid\u00e1m hangulat\u00fa dekor\u00e1ci\u00f3 egy ker\u00e1mia kasp\u00f3ba k\u00e9sz\u00fclt, melyet finom, lev\u00e9lmint\u00e1s d\u00edsz\u00edt\u00e9s tesz m\u00e9g k\u00fcl\u00f6nlegesebb\u00e9. A k\u00f6z\u00e9ppontban egy mulats\u00e1gos b\u00e9ka figura \u00fcl, k\u00f6r\u00fcl\u00f6tte sz\u00e1r\u00edtott n\u00f6v\u00e9nyek \u00e9s pr\u00e9mium m\u0171n\u00f6v\u00e9nyek id\u00e9zik meg az erdei mocsarak nyugalm\u00e1t. Natur\u00e1lis st\u00edlus\u00fa, mosolyt hoz\u00f3 d\u00edsz otthonod b\u00e1rmely sark\u00e1ba.<\/p>\n","protected":false},"featured_media":740,"comment_status":"open","ping_status":"closed","template":"","meta":{"site-sidebar-layout":"default","site-content-layout":"","ast-site-content-layout":"default","site-content-style":"default","site-sidebar-style":"default","ast-global-header-display":"","ast-banner-title-visibility":"","ast-main-header-display":"","ast-hfb-above-header-display":"","ast-hfb-below-header-display":"","ast-hfb-mobile-header-display":"","site-post-title":"","ast-breadcrumbs-content":"","ast-featured-img":"","footer-sml-layout":"","ast-disable-related-posts":"","theme-transparent-header-meta":"default","adv-header-id-meta":"","stick-header-meta":"","header-above-stick-meta":"","header-main-stick-meta":"","header-below-stick-meta":"","astra-migrate-meta-layouts":"set","ast-page-background-enabled":"default","ast-page-background-meta":{"desktop":{"background-color":"var(--ast-global-color-4)","background-image":"","background-repeat":"repeat","background-position":"center center","background-size":"auto","background-attachment":"scroll","background-type":"","background-media":"","overlay-type":"","overlay-color":"","overlay-opacity":"","overlay-gradient":""},"tablet":{"background-color":"","background-image":"","background-repeat":"repeat","background-position":"center center","background-size":"auto","background-attachment":"scroll","background-type":"","background-media":"","overlay-type":"","overlay-color":"","overlay-opacity":"","overlay-gradient":""},"mobile":{"background-color":"","background-image":"","background-repeat":"repeat","background-position":"center center","background-size":"auto","background-attachment":"scroll","background-type":"","background-media":"","overlay-type":"","overlay-color":"","overlay-opacity":"","overlay-gradient":""}},"ast-content-background-meta":{"desktop":{"background-color":"var(--ast-global-color-5)","background-image":"","background-repeat":"repeat","background-position":"center center","background-size":"auto","background-attachment":"scroll","background-type":"","background-media":"","overlay-type":"","overlay-color":"","overlay-opacity":"","overlay-gradient":""},"tablet":{"background-color":"var(--ast-global-color-5)","background-image":"","background-repeat":"repeat","background-position":"center center","background-size":"auto","background-attachment":"scroll","background-type":"","background-media":"","overlay-type":"","overlay-color":"","overlay-opacity":"","overlay-gradient":""},"mobile":{"background-color":"var(--ast-global-color-5)","background-image":"","background-repeat":"repeat","background-position":"center center","background-size":"auto","background-attachment":"scroll","background-type":"","background-media":"","overlay-type":"","overlay-color":"","overlay-opacity":"","overlay-gradient":""}}},"product_brand":[],"product_cat":[25,26,40],"product_tag":[38,36,41],"class_list":{"0":"post-737","1":"product","2":"type-product","3":"status-publish","4":"has-post-thumbnail","6":"product_cat-osszes-termek","7":"product_cat-osz","8":"product_cat-tavaszi-dekoraciok","9":"product_tag-asztali-disz","10":"product_tag-erdei-hangulat","11":"product_tag-gomba","12":"desktop-align-left","13":"tablet-align-left","14":"mobile-align-left","16":"first","17":"instock","18":"sold-individually","19":"shipping-taxable","20":"purchasable","21":"product-type-simple"},"jetpack_sharing_enabled":true,"_links":{"self":[{"href":"https:\/\/batuskaartdecor.hu\/index.php?rest_route=\/wp\/v2\/product\/737","targetHints":{"allow":["GET"]}}],"collection":[{"href":"https:\/\/batuskaartdecor.hu\/index.php?rest_route=\/wp\/v2\/product"}],"about":[{"href":"https:\/\/batuskaartdecor.hu\/index.php?rest_route=\/wp\/v2\/types\/product"}],"replies":[{"embeddable":true,"href":"https:\/\/batuskaartdecor.hu\/index.php?rest_route=%2Fwp%2Fv2%2Fcomments&post=737"}],"version-history":[{"count":2,"href":"https:\/\/batuskaartdecor.hu\/index.php?rest_route=\/wp\/v2\/product\/737\/revisions"}],"predecessor-version":[{"id":744,"href":"https:\/\/batuskaartdecor.hu\/index.php?rest_route=\/wp\/v2\/product\/737\/revisions\/744"}],"wp:featuredmedia":[{"embeddable":true,"href":"https:\/\/batuskaartdecor.hu\/index.php?rest_route=\/wp\/v2\/media\/740"}],"wp:attachment":[{"href":"https:\/\/batuskaartdecor.hu\/index.php?rest_route=%2Fwp%2Fv2%2Fmedia&parent=737"}],"wp:term":[{"taxonomy":"product_brand","embeddable":true,"href":"https:\/\/batuskaartdecor.hu\/index.php?rest_route=%2Fwp%2Fv2%2Fproduct_brand&post=737"},{"taxonomy":"product_cat","embeddable":true,"href":"https:\/\/batuskaartdecor.hu\/index.php?rest_route=%2Fwp%2Fv2%2Fproduct_cat&post=737"},{"taxonomy":"product_tag","embeddable":true,"href":"https:\/\/batuskaartdecor.hu\/index.php?rest_route=%2Fwp%2Fv2%2Fproduct_tag&post=737"}],"curies":[{"name":"wp","href":"https:\/\/api.w.org\/{rel}","templated":true}]}}